 + 47?
59
In base 5, what is -2443 + 10?
-2433
In base 12, what is 4040 + -1?
403b
In base 6, what is 1411 - 113?
1254
In base 2, what is 101 + -10100011?
-10011110
In base 2, what is -110100100 + 10?
-110100010
In base 6, what is 25 + 45?
114
In base 5, what is -102 - -43?
-4
In base 16, what is -bb + -1?
-bc
In base 9, what is 3 + 11?
14
In base 10, what is 2 + -7244?
-7242
In base 4, what is -1102 + 30?
-1012
In base 4, what is 2 + 10010?
10012
In base 16, what is -3 - 28?
-2b
In base 3, what is -1 + 10011?
10010
In base 12, what is -119 - -a6?
-33
In base 10, what is -3 + -1192?
-1195
In base 6, what is 141 - -140?
321
In base 8, what is 5 - -75?
102
In base 6, what is 53 - 321?
-224
In base 7, what is -10332 + -6?
-10341
In base 11, what is -33 - 2?
-35
In base 11, what is -20 + 0?
-20
In base 12, what is 9 - 1a9?
-1a0
In base 6, what is -42 - -12?
-30
In base 2, what is -10010001110000 + 100?
-10010001101100
In base 7, what is 535 + -20?
515
In base 6, what is 3 + 203?
210
In base 5, what is -204 - 11?
-220
In base 7, what is 0 - 21321?
-21321
In base 2, what is -11000100 - -1010010?
-1110010
In base 7, what is -4 - -1634?
1630
In base 10, what is 97 + -14?
83
In base 6, what is -145514 + -2?
-145520
In base 10, what is -2576 + -2?
-2578
In base 11, what is 5a76 - 5?
5a71
In base 8, what is -101031 + 1?
-101030
In base 9, what is -3 - 401?
-404
In base 10, what is 2349 - -1?
2350
In base 3, what is -2 + -2110?
-2112
In base 12, what is -5b - -11?
-4a
In base 12, what is -34 + -5b?
-93
In base 16, what is -1b - 8?
-23
In base 5, what is -2 - -232?
230
In base 3, what is 1001220 - -2?
1001222
In base 3, what is 12 - 1002112?
-1002100
In base 6, what is 25 + 1312?
1341
In base 11, what is -584 + 5?
-57a
In base 5, what is 14 - 44?
-30
In base 12, what is 23 + 4b9?
520
In base 15, what is -b + 0?
-b
In base 5, what is -1214 - -13?
-1201
In base 15, what is 427 + -3?
424
In base 10, what is 7 - -8?
15
In base 11, what is -39 - 19?
-57
In base 15, what is d78 + 5?
d7d
In base 4, what is -21001330 + -10?
-21002000
In base 15, what is 57 - c?
4a
In base 10, what is -199 + -4?
-203
In base 11, what is 144 + 1?
145
In base 3, what is 0 + -2?
-2
In base 7, what is 13355 - -3?
13361
In base 15, what is -177 + 5?
-172
In base 3, what is -12 + -102?
-121
In base 2, what is 10 - -1001110?
1010000
In base 12, what is -337 + -4?
-33b
In base 2, what is -11 - -110010?
101111
In base 15, what is -1 - -16?
15
In base 5, what is -20 - 21004?
-21024
In base 11, what is 313 - -1?
314
In base 10, what is -51 - -107?
56
In base 15, what is 1d + d?
2b
In base 15, what is c16 - 1?
c15
In base 8, what is 156 - -21?
177
In base 10, what is 377 + -2?
375
In base 8, what is -1626 + -12?
-1640
In base 8, what is 153 - -5?
160
In base 12, what is -7 - 9?
-14
In base 16, what is -39 - -1?
-38
In base 2, what is -1001010101 + 101?
-1001010000
In base 2, what is 111101 - 10101?
101000
In base 5, what is 113 + 1014?
1132
In base 14, what is -2 + -21?
-23
In base 8, what is -16214 - 1?
-16215
In base 2, what is 1010010101 + -100?
1010010001
In base 15, what is 0 - -2d0?
2d0
In base 8, what is 45 + -116?
-51
In base 13, what is -1 + -7b?
-7c
In base 12, what is 133b + 0?
133b
In base 6, what is -12 + 124?
112
In base 15, what is -b + -20?
-2b
In base 11, what is 34 + 2?
36
In base 3, what is -200 - -21?
-102
In base 14, what is -611 - -2?
-60d
In base 2, what is 1110101010 + -1?
1110101001
In base 11, what is 58 - -183?
230
In base 2, what is -10110011 + 0?
-10110011
In base 9, what is -737 + -4?
-742
In base 11, what is -18 + -3?
-20
In base 5, what is -112 - -10?
-102
In base 15, what is 5 + 11?
16
In base 11, what is -26 - -165?
13a
In base 14, what is -10 - -31?
21
In base 8, what is -1143 + -37?
-1202
In base 11, what is -4 - 3298?
-32a1
In base 14, what is -2 - 1312?
-1314
In base 11, what is 174 + -5?
16a
In base 6, what is 5 + -1223?
-1214
In base 3, what is 121 + -1000?
-102
In base 5, what is -4 + 2431?
2422
In base 11, what is 791 + 3?
794
In base 11, what is 0 - -5a0?
5a0
In base 5, what is 10424 - 13?
10411
In base 3, what is 1 + -11122?
-11121
In base 12, what is 29 + 10?
39
In base 14, what is -10 - -14c?
13c
In base 10, what is -4 - 423?
-427
In base 16, what is -1 + -1da?
-1db
In base 4, what is -21003 + 20?
-20323
In base 16, what is 5c - 5?
57
In base 8, what is -44234 - 3?
-44237
In base 11, what is 5 + 128?
132
In base 7, what is -164 + 3?
-161
In base 11, what is -3aa - -5?
-3a5
In base 14, what is 7 - 1a?
-13
In base 11, what is -11 + -190?
-1a1
In base 2, what is -100110001 + 11111?
-100010010
In base 14, what is -2 - 22d?
-231
In base 14, what is -2403 + 1?
-2402
In base 9, what is 0 - -4?
4
In base 3, what is -11202 - 1002?
-12211
In base 12, what is -47bb + 5?
-47b6
In base 4, what is -3 + 1030230?
1030221
In base 16, what is -204 - 3?
-207
In base 5, what is 4 - -1033?
1042
In base 12, what is -7a - -3?
-77
In base 4, what is -10 - -211?
201
In base 9, what is 7 + 5?
13
In base 3, what is -110021 - -22?
-102222
In base 12, what is 248 - 0?
248
In base 12, what is 5 + -6b?
-66
In base 9, what is -4603 - 2?
-4605
In base 7, what is 241 + 10?
251
In base 13, what is -3 - -25?
22
In base 9, what is -6 - 50?
-56
In base 15, what is 1 + 1114?
1115
In base 11, what is -28 + 10?
-18
In base 11, what is 0 - 5?
-5
In base 3, what is 120011002 - 10?
120010222
In base 13, what is 5 - -6a?
72
In base 3, what is 12 + -1?
11
In base 8, what is -105205 - 3?
-105210
In base 7, what is -1023 + 1?
-1022
In base 16, what is -7b - -7?
-74
In base 6, what is -113 - -411?
254
In base 16, what is 290 - -6?
296
In base 4, what is -22 - -2?
-20
In base 16, what is -4 - 59?
-5d
In base 7, what is 0 + -21134?
-21134
In base 3, what is -20210122 + 1?
-20210121
In base 3, what is -12 - -12121?
12102
In base 8, what is -356 + 6?
-350
In base 4, what is 3020 - -11?
3031
In base 2, what is 100011 + 1111?
110010
In base 2, what is 10011000011 - -110?
10011001001
In base 3, what is -20 - -2220?
2200
In base 4, what is -33022022 + 10?
-33022012
In base 10, what is 5 + -424?
-419
In base 13, what is 18ab - 3?
18a8
In base 9, what is -14 + -141?
-155
In base 12, what is -5 - 59?
-62
In base 10, what is -4 + -39?
-43
In base 8, what is 32 - 11?
21
In base 15, what is 12 + -7?
a
In base 2, what is -1011 + -100?
-1111
In base 15, what is 4 + a?
e
In base 6, what is 2005 + 5?
2014
In base 4, what is 2 - -110230?
110232
In base 2, what is 10000011011 - 1?
10000011010
In base 2, what is 10100111 - 101?
10100010
In base 12, what is -27 - 22?
-49
In base 6, what is 252 - -145?
441
In base 13, what is 12 - 33?
-21
In base 8, what is -2 + 103?
101
In base 3, what is -210102112 - 1?
-210102120
In base 5, what is -2243432 + -3?
-2243440
In base 10, what is -18 + -4?
-22
In base 16, what is 6 - ce?
-c8
In base 10, what is 1 - 47?
-46
In base 5, what is 14 - 21?
-2
In base 10, what is -24 + -6?
-30
In base 6, what is -11031 + -5?
-11040
In base 5, what is -10 - -21441?
21431
In base 15, what is 1 - -6a?
6b
In base 12, what is 17a5 + 0?
17a5
In base 3, what is -1201 - -20020?
11112
In base 16, what is 159 - 0?
159
In base 2, what is 11000111 - -1101?
11010100
In base 6, what is 5 - -20554?
21003
In base 11, what is -8a - -3?
-87
In base 13, what is 2cb - -14?
312
In base 5, what is -31 - 4431?
-10012
In base 12, what is 5 + 39?
42
In base 12, what is 797 - a?
789
In base 5, what is -1 + -21232?
-21233
In base 15, what is 93 - 76?
1c
In base 12, what is 0 - 126?
-126
In base 3, what is -12 + 10002?
2220
In base 2, what is 10 - -1110111010?
1110111100
In base 16, what is 2e - 0?
2e
In base 14, what is 1c - -a?
28
In base 11, what is -2434 + 5?
-242a
In base 2, what is 101000100100001 - -100?
101000100100101
In base 5, what is -3 + -113?
-121
In base 3, what is 1200 - -2?
1202
In base 7, what is 5 + 14451?
14456
In base 6, what is 15 + -415?
-400
In base 7, what is -23262 + -1?
-23263
In base 10, what is -148 - 2?
-150
In base 11, what is -83 + 4?
-7a
In base 4, what is -203 - -10?
-133
In base 7, what is -4 - -65?
61
In base 6, what is 5 + 302?
311
In base 12, what is -1 - -30?
2b
In base 15, what is ba - -3?
bd
In base 2, what is -11001100001 - -101?
-11001011100
In base 7, what is -35322 + -5?
-